- 10. Let t be h(-2). What is the tens digit of (3 + -2 - 0)*(t + 29)?
3
Let k(l) = 213*l - 5. Let u be (15 + -18)*(-2 + 5/3). What is the units digit of k(u)?
8
Suppose 0 = 3*m - 3*g - 37224, 7*g - 44572 = -3*m - 7408. What is the units digit of m?
2
Let x(i) = 1 - 25 - 10 - 15*i. Suppose 3*k - 2*r = -26, -2*r = k + 48 - 50. What is the tens digit of x(k)?
5
Let q(r) = 76*r + 12. Suppose 25 - 9 = 2*h. Let a be q(h). Suppose 0 = -2*u - 2*u + a. What is the units digit of u?
5
Let w = 124 + -121. Suppose -3*l - 868 = -4*f, -w*f - 2*l = -1055 + 387. What is the hundreds digit of f?
2
Let t(f) = 3*f**2 - 11*f. What is the units digit of t(-22)?
4
Let b be 1090/4*(-384)/(-40). Suppose b = -169*t + 173*t. What is the tens digit of t?
5
Let z be (-2)/(-7) + 2/(42/3879). Suppose 467 = 4*n - z. Suppose -2*o = -0*o - 2*d - 76, 5*o - n = -4*d. What is the units digit of o?
5
Let y = 73 - 75. Let g be 0/(y/(-4 - -5)). What is the tens digit of ((-976)/12 - g)/((-4)/6)?
2
Let r(s) be the third derivative of 19*s**4/8 + 71*s**3/6 - 98*s**2. What is the tens digit of r(3)?
4
Suppose 5*m - 118275 = -5*u, -35*u + 5*m = -39*u + 94615. Suppose 32*y - u - 17908 = 0. What is the tens digit of y?
9
Let f(p) = 1113*p + 15. What is the units digit of f(68)?
9
Suppose -62*b + 68*b - 78 = 0. Suppose -4*z = -b*z + 5913. What is the units digit of z?
7
Suppose 1 = -l, 3*l + 0*l = -b - 1270. Let m = -496 - b. What is the units digit of m?
1
Let m(z) = 2*z**2 - 18*z + 116. Let k be m(-22). Suppose 0 = -3*y - 4*c + 2215, -3*y - 2*c + k = -y. What is the units digit of y?
5
Suppose -3*c - 39*t + 36*t = -8364, 3*c = 5*t + 8332. What is the tens digit of c?
8
Suppose r - 316 - 390 = -3*x, 12 = 3*r. Let u = -214 + x. What is the units digit of u?
0
Suppose 0 = -2*o + 2*i - 0*i - 14, -o + 3*i - 13 = 0. What is the tens digit of ((-210)/55 - o) + 22040/22?
0
Let x = -59 + 62. Let j be -1 + 2 + 0 + 4. Suppose -j*s = 3*n - 138, -x*n + 2*s = -2*n - 57. What is the units digit of n?
1
Suppose -2*b - 166*r + 651 = -165*r, 0 = -5*b + 6*r + 1568. What is the hundreds digit of b?
3
Suppose -3*g + 350 = -g. Suppose b + g = 5*u - 785, 5*b = -u + 218. What is the hundreds digit of u?
1
Let z be 2 - (12/(-8))/(3/(-6)). Let k = 94 + z. Let f = 189 - k. What is the tens digit of f?
9
Let g = 44 - 41. Suppose c - 3 = g*n, c = -0*c + 2*n + 3. Suppose 10*w = c*w + 133. What is the units digit of w?
9
What is the units digit of ((-128)/(-480) + (-3)/5)*-55929?
3
What is the tens digit of 5500 - (3 - 8/(-72)*-9)?
9
Let x(c) = -3*c**3 - 23*c**2 - 13*c + 5. Let s be x(-7). Suppose p = -4*p + 25. What is the tens digit of s/p - (-2008)/20?
0
Let b = 174 - 65. Let a = -2280 - -2284. Suppose 2*k = 5*h - 0*k - 199, -3*h - a*k = -b. What is the tens digit of h?
3
Let a(m) = -10*m**2 - 729*m - 191. What is the tens digit of a(-62)?
6
Suppose 17 = 5*v - 28. Suppose v*h - 239 = 22. Let k = 99 - h. What is the tens digit of k?
7
Suppose 39*b - 381573 = 1213098. What is the hundreds digit of b?
8
Suppose -93*v = 85*v - 197*v + 907250. What is the units digit of v?
0
Let w = 11799 - 4951. What is the thousands digit of w?
6
Suppose 936*s - 976*s + 504355 - 27755 = 0. What is the tens digit of s?
1
Let l = -12 - -20. Let r(v) = -72*v + 56. Let a(f) = 24*f - 19. Let x(k) = l*a(k) + 3*r(k). What is the units digit of x(-5)?
6
Suppose 3*z - 2 = 1. Let u be z/3 + (-285)/(-9). Let q = u + -18. What is the tens digit of q?
1
Let s = -116 + 101. Let b be 2*s/(-10) + -2 + 200. Suppose 6*q - 3*q - 197 = -2*g, q + b = 2*g. What is the tens digit of g?
0
Suppose -1052 - 100 = -9*r. Let f = 251 + r. What is the hundreds digit of f?
3
Let w(s) be the second derivative of s**4/4 - 7*s**3/2 - 3*s**2 - 3*s. Let c be w(9). Suppose 51*h = 47*h + c. What is the units digit of h?
2
Let l(n) = -n + 35. Let d(k) = -2*k. Let w(a) = -3*d(a) + l(a). What is the tens digit of w(6)?
6
Let x(c) = -18*c**2 + 5*c + 9 + 16*c**2 + 0. Let a(s) = s**2 + s. Let o(v) = a(v) - x(v). What is the units digit of o(-4)?
5
Suppose 40 = 2*x - 2*t - 0*t, 3*x + 5*t - 68 = 0. Let z(p) = x*p**3 - 16*p**3 - 12*p**3 - p**2. What is the units digit of z(-1)?
6
Suppose -31 = -2*o + t, -5*o - 5*t + t + 58 = 0. What is the tens digit of (12/o)/((-86)/(-91504))?
1
What is the hundreds digit of (-258)/8*-14*(-3 + 99/27)?
3
Let h(c) = -2*c**2 + 17*c - 22. Let o be h(7). What is the tens digit of ((-308)/20)/(o/5)?
7
Let w(s) = 1670*s**3 + 50*s**2 - 102*s + 4. What is the units digit of w(2)?
0
Let o be 52/(-4) - ((-1 - -1) + -1). Let a be -6 - o - (0 + -9)/(-3). Let l(v) = 6*v**3 - 3*v**2 - 8*v + 3. What is the tens digit of l(a)?
1
What is the thousands digit of -16 - 17/((-238)/120288)?
8
What is the hundreds digit of ((-1414)/6)/(24/(-121 - 23))?
4
Suppose -277*k = -279*k + 4. Suppose -k*g + 1016 = -376. What is the tens digit of g?
9
Let m(u) = -385*u + 6. Let r(d) = 192*d - 3. Let j(o) = -2*m(o) - 5*r(o). What is the tens digit of j(-2)?
8
Let i be (-3 - -2)/(45/20 + -2). Let h(z) = 6*z**2 + 24*z + 9. What is the units digit of h(i)?
9
What is the units digit of 9308/(-17 + (-87)/(-5))?
0
Suppose 3*b - 6*b + 3*k = -221067, 0 = -5*b - 8*k + 368380. What is the ten thousands digit of b?
7
Let d(y) = -147*y - 17. Let g = -425 - -424. What is the tens digit of d(g)?
3
Let w = 1358 - -213. Let v = w + -1038. What is the tens digit of v?
3
Let p be (-4)/10 + (-2387)/(-55). Suppose 97 + p = 10*d. What is the tens digit of 8/(48/15)*d/1?
3
What is the hundreds digit of (15 - 12) + 15950 + -15?
9
Suppose -4*k = 2*u - 50129 - 18511, -4*u + 137325 = -k. What is the thousands digit of u?
4
Let l = 16464 + 4162. What is the hundreds digit of l?
6
Suppose -5*v = -y - 140, 28 = 4*v - 3*y - 73. Let x = v - 18. Suppose -2078 = -x*c + 375. What is the hundreds digit of c?
2
Let g(i) = i - 2. Let j(x) = 90*x - 19. Let u(t) = 5*g(t) + j(t). What is the tens digit of u(4)?
5
Suppose 574 = -14*r + 21*r. Suppose -12 + 2 = -2*g, -4*h - 2*g = -r. What is the tens digit of h?
1
Let z be 19152/70 + 4/10. Suppose z = 2*m - 0*y + 4*y, 5*m + 4*y = 673. What is the tens digit of m?
3
Let b = 2605 - 938. What is the hundreds digit of b?
6
Suppose -2*f + 5*h = -1274, -3*f + 3*h + 1925 = -h. Let k = 161 + -158. Suppose k*p - f + 70 = -4*v, v = 4. What is the tens digit of p?
8
Let a(x) = 6*x**3 + 46*x**2 - 16*x + 4. Let n be a(-8). Let k(b) = 147*b - 13. What is the hundreds digit of k(n)?
5
Let n be (538 + -4)*(-8)/(-2). Let l = n + -1081. Suppose -l + 203 = -4*x. What is the tens digit of x?
1
What is the thousands digit of (2 - 12 - -4)*(-1310)/6*1?
1
Let v be ((10/(-3))/(-5))/(4/(-6)). Let t be v/(2/(-86)) + 4. Suppose -5*k = -358 - t. What is the tens digit of k?
8
Suppose 0 = 12*q + q - 949. Suppose 0 = q*a - 44*a - 13775. What is the units digit of a?
5
Suppose -823*o = -850*o + 600777. What is the ten thousands digit of o?
2
Let q(u) = -u**3 + u**2 - u + 2. Let m be q(0). Let p be 2/((-1)/(3/(-7))*174/609). What is the units digit of 147/2 - p - 3/m?
9
Let f(o) = 342*o + 1426. What is the units digit of f(20)?
6
Suppose 4*l - 50197 = -t, 838 = -4*l - 3*t + 51045. What is the units digit of l?
8
Let k be (-16)/9 + 2/(-9). What is the units digit of (-2 - -3)*4 - k?
6
What is the thousands digit of (-28)/(-33) + 10/(-15) + 1575606/66?
3
Suppose -42*h = 62*h - 143728. What is the hundreds digit of h?
3
Let x(b) = -2*b**2 + 81*b + 70. What is the tens digit of x(30)?
0
Let a be (-6 + (-120)/(-18))*228. Suppose -2*h + a = 6. What is the tens digit of h?
7
Let w(j) = -15*j - 108. Let h be w(-7). Let a(m) = 143*m**2 - 5*m + 8. What is the thousands digit of a(h)?
1
Let w(j) = 53*j**2 + 8*j + 1. Let c(r) = -4*r + 99. Let m be c(26). What is the hundreds digit of w(m)?
2
Suppose 0 = -7*j + j + 2562. Suppose -3*g - t = -j, -3*g = -2*t - 122 - 311. Let u = -68 + g. What is the units digit of u?
5
Let l(j) = -j**3 - 3*j**2 + 2*j. Let x(z) = -z**3 - z**2 + z + 1. Let h(r) = l(r) - 3*x(r). Let o be h(-3). Let c = 101 + o. What is the tens digit of c?
4
Let d(i) = -i**3 + 5*i**2 + 5*i - 27. Let t(r) = -2*r**3 + 12*r**2 + 11*r - 54. Let x(v) = 9*d(v) - 4*t(v). What is the units digit of x(-7)?
2
Let w(a) = 13 + 21*a**2 - 19*a**2 + 58 + 14*a. What is the tens digit of w(-17)?
1
Let k be 1/(-2) + 6/